
Let z = 1622 + -2286. Let q = z - -1060. What is the tens digit of q?
9
What is the hundreds digit of (-60936079)/(-2619) - 8/(-108)?
2
Suppose -2*a = 5*o - 14, 5*o - 9*o - 2*a = -12. Suppose -o*f + 249 = 2*n - 467, -12 = 3*n. What is the units digit of f?
2
Let l(w) = 3*w**2 + 5*w - 58. Let r be l(-5). Let k(j) = -j**3 + 17*j + 80. What is the units digit of k(r)?
6
Suppose 0*j + 7 = 2*j - d, -3*j + 8 = -2*d. Let i be 15/(-2)*88/j. Let r = -17 - i. What is the tens digit of r?
9
Suppose 3*n + 18891 - 65847 = j, j - 46956 = -3*n. Suppose 29*v = v + n. What is the tens digit of v?
5
Suppose 4*g + 0*g - 44 = 0. Let b be (-8)/6*((-66)/8)/g. Suppose -b = 2*o - 97. What is the tens digit of o?
4
Suppose 199 = -2*t + 825. Suppose -4*y - 350 = 402. Let x = t + y. What is the hundreds digit of x?
1
Let n be -2*1*(-28)/(-1 - 1). Let m be (11*2)/((-8)/n) + 1. Suppose 5*o - m = 247. What is the tens digit of o?
6
Let v be (1 - -4)/((1/(-3))/(-1)). Suppose -12*i + 9*i + v = 0. Suppose -2*r + i*m + 213 - 1 = 0, 4*r + m - 424 = 0. What is the tens digit of r?
0
Let q be 9*2/(6/1). What is the units digit of 76*q - -3 - 3/(-3)?
2
Let l(o) = o**2 - 3*o - 10. Let g be l(5). Suppose 7*r - 10*r + z + 790 = g, -2*z = -4. What is the tens digit of r?
6
Let r be -9*((40/(-6))/(-4) + -3). Suppose 1134 = 2*h + 2*n, h - 570 = -r*n + 14*n. What is the tens digit of h?
6
Let c(g) = -g**3 + 55*g**2 - 50*g + 123. Let v be c(54). Suppose -5*m - 5*q = -7435, 3*q - v = -m + 1142. What is the hundreds digit of m?
4
Suppose -5*i = -6*i - 4*s - 2283, -s = -2*i - 4521. Let y = -1367 - i. What is the tens digit of y?
9
Let x = 8 - -16. Let l = -21 + x. Suppose -3*g - 4*p + 84 = 0, -l*p + 55 = -0*g + 2*g. What is the tens digit of g?
3
What is the hundreds digit of 17373160/1176 - (-14)/(-147)?
7
Let c = -9 - -11. Suppose -187 - 57 = -c*y. Let x = 185 - y. What is the units digit of x?
3
What is the tens digit of ((-57)/51 - (-8)/68) + 7 + 5783?
8
Suppose -13*s + 31*s - 28930 = -4*s. What is the hundreds digit of s?
3
Suppose -q + 89 = 2*j, -3*q - 216 = -5*j + q. Let s = j + 111. What is the hundreds digit of s?
1
Let r = 169 + -166. Suppose 1755 = 5*f - r*j, 0*f = 5*f + 2*j - 1755. What is the tens digit of f?
5
Let s = 1312 - 599. What is the hundreds digit of s - (12/3 + 0)?
7
Let h(j) = j**3 + 7*j**2 + 10*j - 4. Let p be h(-3). What is the hundreds digit of 5/(8/5696*p)?
7
Let z = 69 - 66. Suppose 5*t - 3*t + 5*p = 267, 0 = t + z*p - 132. Let x = t - 88. What is the units digit of x?
3
Suppose 92176 = 4*g - 20*g + 288224. What is the tens digit of g?
5
Let u(h) = -9*h**3 - 4*h**2 - 25*h - 51. What is the thousands digit of u(-6)?
1
Let b be (1 - (-4134)/8) + (-119)/(-476). Suppose z + 4*z - b = 3*q, -2*q - 311 = -3*z. What is the hundreds digit of z?
1
Let c = -22 - -50. Let t = 2035 - 2058. Let m = t + c. What is the units digit of m?
5
Let n = -592 - -906. Let m = n - 188. What is the hundreds digit of m?
1
Suppose 9*q - 1885 = 158. Let a be (177 - 6)/((6/(-4))/(-1)). Let m = q - a. What is the hundreds digit of m?
1
Suppose 4*j - 54 = 82. Let a(k) = -19 - j + 11 - 9*k. What is the hundreds digit of a(-24)?
1
Let t = 31679 - 24895. What is the units digit of t?
4
Let q = 22949 + -13229. What is the hundreds digit of q?
7
Let n = 5 - 12. Let j(h) = 11*h**2 - 4*h - 7. Let d be j(n). Suppose 0 = -4*f + 11*f - d. What is the units digit of f?
0
Suppose -4 = 3*t - 16, -2*z - 3*t = -26. Let b = 7 - z. Suppose 0 = -b*n - 4*n + 112. What is the tens digit of n?
2
Suppose -4*q = -5*x - 4466 - 4971, 0 = -x - 1. What is the tens digit of q?
5
Suppose -104*d + 100*d = -1188. Let l = 605 - d. What is the hundreds digit of l?
3
Let t = -8357 + 12186. What is the thousands digit of t?
3
Let s(b) = 4*b + 199. Let w be s(-16). Suppose w*p - 121*p = 6958. What is the units digit of p?
7
Suppose -3390 = -204*f + 198*f. Let d = -226 + f. What is the units digit of d?
9
Let f be (12/36)/(2/18). Suppose -5*n + 5*j = -f*n - 135, 4*n + j - 259 = 0. Suppose y + 7 = n. What is the tens digit of y?
5
Let d(k) = 38 - 13*k + 17*k**2 + 3 - 11. What is the units digit of d(5)?
0
Let a(k) = -2*k**2 + 19*k - 31. Let r be a(6). Suppose -21 = 8*v - r*v. Suppose 293 = -v*m + 1350. What is the units digit of m?
1
Suppose -12*b - 21699 = -5*y - 9*b, 0 = -3*y - b + 13011. What is the units digit of y?
8
Suppose 5*z - 60 = -5*s, z - 2*z = -2*s + 9. Suppose s*q - 1606 = 1663. What is the units digit of q?
7
Let n = 111 + -124. Let o = n + 571. What is the hundreds digit of o?
5
Suppose 0 = 126*y - 115*y. What is the units digit of 89/(-2)*(y - 34)?
3
What is the tens digit of 4726 + 12*14/(-21) + 6?
2
Let m(r) = -65*r**3 - 9*r**2 + 25*r + 2. What is the units digit of m(-5)?
7
Let p be (-15 - -16)*3/(3/4). Let l be 0 + p/(-2) - -7. Suppose -3*n + 5*o + 117 = 0, 0*o - 53 = -2*n - l*o. What is the tens digit of n?
3
Suppose -7*a - 2*d = -3*a - 82244, -2*a + 41118 = 2*d. What is the tens digit of a?
6
Let v(x) = -24*x - 37. Let r be 5 + (1 + 0)/(-1). Suppose r*w + 3*b = -18 - 23, -w - 9 = 2*b. What is the hundreds digit of v(w)?
2
Let i(j) be the second derivative of -j**4/6 - 11*j**3/2 + 5*j**2/2 - 67*j. What is the tens digit of i(-11)?
2
Let q(v) = v**3 - 3*v**2 - 7*v + 14. Let b be q(-8). Let z = b + 902. What is the units digit of z?
8
Suppose 96 = -0*l + 12*l. Suppose -l*f + 6*f = 4*v - 4656, 5*v = -6*f + 5813. What is the hundreds digit of v?
1
Suppose -125*d + 168662 + 1074838 = 0. What is the tens digit of d?
4
Suppose 21*a - 120394 = 4*a. What is the tens digit of a?
8
Suppose -2*v = 3*x - 23, -2*v + 0*x - 4*x + 24 = 0. Suppose 0*n + 4*n - v = -2*a, -n - a = -4. Let s(i) = 15*i**2. What is the units digit of s(n)?
5
Let u = 29 - 26. Let v(l) = -15*l**3 + 2*l**2 + 7*l + 2. Let s be v(u). What is the hundreds digit of (-20)/14 + 1 - 73320/s?
2
Let u(r) = 889*r + 7. Let i be u(1). Suppose 0 = -3*x + i + 181. What is the units digit of x?
9
Let l(h) = h**2 - 65*h + 347. What is the tens digit of l(-41)?
9
Suppose 0 = -3*n + 4*w - 50, -w - 35 = 4*n - 0*w. Let i be 75/n*(24/(-9))/(-4). What is the tens digit of 66 + (2/(-10) - 1/i)?
6
Suppose 50*q = -3*q + 222673 - 1822. What is the units digit of q?
7
What is the units digit of ((-1)/(-9))/(31/3141819) - 3/(-1)?
4
Let y(p) = -p**2 + 24*p - 4. Let k be y(24). What is the hundreds digit of ((-36)/(-16))/((-5)/(-720)) + k?
3
What is the hundreds digit of (((-111120)/(-36))/20)/((-2)/(-426))?
8
Let g(y) = 55*y**3 - 32*y**2 + 31*y - 4. What is the hundreds digit of g(7)?
5
Let j = -4143 + 7085. What is the units digit of j?
2
Let u(g) = -2*g**2 - 8*g - 40. Let y be u(-6). What is the units digit of y*(28/7 + -14)?
0
Let c = 96 + -94. Suppose -c*u - 2 = -0*p + 2*p, 2*u = -4*p + 6. What is the tens digit of (-2)/(p/(-17))*6?
5
Let j(o) = -2709*o - 232. What is the units digit of j(-3)?
5
Let o = 12 + -10. Suppose 6*c + 5*h = o*c + 203, -c = -3*h - 55. What is the tens digit of (-3)/(-3)*(3 + c)?
5
Suppose -17*u = -13*u - 8. What is the hundreds digit of 4/((-2376)/1194 - (0 - u))?
3
Suppose -i - 5*k = -420, k - 4*k + 826 = 2*i. Let f = 1520 - i. What is the hundreds digit of f?
1
Let m(t) = -39*t + 5. Let l be 4/(1/(-3) - (-8)/6). Suppose -y - l = y. What is the units digit of m(y)?
3
Let r = 9265 + -5761. Let j = r - 2121. What is the units digit of j?
3
Let h(s) = 2*s**2 + 2*s + 6. Let i be h(-2). Suppose -5*x = -i*x + 75. What is the tens digit of 0 - (-4 + x*-3)?
4
Let t(y) = 18*y**2 + 33*y + 708. What is the units digit of t(-24)?
4
Suppose t + f - 3177 = 0, -f + 6*f = 2*t - 6340. Suppose 22*s - 17*s - t = 0. What is the tens digit of s?
3
Suppose 0 = -8*q + 35 - 107. Let y(c) = -37*c - 1. What is the hundreds digit of y(q)?
3
Let o = 235 - 211. Suppose a + 381 = -3*i, -a + i - 373 - 20 = 0. What is the units digit of (13/(a/o))/(2/(-75))?
0
Suppose 23*k = 28*k + 4*s - 1849, 3*k = -3*s + 1113. What is the hundreds digit of k?
3
Let g = -58 - -56. Let x be g/(-3 + 188/64). Suppose x*i - 168 = 30*i. What is the units digit of i?
4
Let o(b) = 2*b**2 + 33*b + 31. Let k be o(-15). What is the units digit of (k/(-63)*-1569)/((-2)/3)?
3
Suppose 37*u = 45*u - 2544. What is the hundreds digit of -1 + u + -5*(-4)/20?
3
Let q(m) = 1508*m - 352. What is the hundreds digi